 - 7. Let q(r) = 2*r**3 - 24*r**2 + 23*r - 13. Let l be q(11). What is the hundreds digit of t(l)?
3
Suppose -4*j = -2*z - 612, 1485 = -9*z + 4*z - 5*j. Let i = z - -1063. What is the hundreds digit of i?
7
Let h(w) = -14*w**2. Let i be h(-1). Suppose 22 - 47 = 5*s. Let q = s - i. What is the units digit of q?
9
Let g(z) = z**2 - 4. Let o be g(2). Let v be o - 0 - (0 - 1). What is the units digit of -3 + (v + 1)*9?
5
Let t(h) = 4*h + 32. Let b be t(-6). Let q(z) = 24*z - 58. Let f be q(b). Suppose 0 = -0*i + 5*i - 3*k - f, -115 = -4*i + 5*k. What is the tens digit of i?
2
Let t(u) = 22*u - 302. Let v(w) = -w + 4. Let f(m) = -t(m) - 8*v(m). What is the tens digit of f(-43)?
7
Suppose 25*y - 6*y - 2071 = 0. Suppose f - 153 = 4*f. Let z = f + y. What is the tens digit of z?
5
What is the hundreds digit of ((-589338)/870)/((-6)/130)?
6
What is the tens digit of -2272*(15 - 14 - 6)?
6
Let u(h) = -2*h**3 - 2*h**2 + 21*h + 3. Let o(a) = -3*a**3 - 6*a**2 - 2*a + 1. Let q be o(-2). Let m be u(q). What is the hundreds digit of (2*m/(-9))/(5/15)?
1
Let p = -45 - -97. Let v = -269 - -296. Let i = p - v. What is the units digit of i?
5
Suppose 4*q + 20 = 4*n, 0*q + 12 = -3*q + 2*n. Let b be (-2)/(q/(-3)) + 77/7. Let a(l) = -l**2 + 14*l + 18. What is the units digit of a(b)?
6
Suppose -16*x + 24 = -8*x. Let l be (-13)/x + ((-8)/(-12))/2. What is the units digit of 10*(l + (-58)/(-4))?
5
Let x(z) be the first derivative of 7*z**2 - 5*z - 22. Let c be x(11). Let s = c + -58. What is the units digit of s?
1
Let q(t) be the third derivative of 437*t**4/24 + t**3/2 + 9*t**2. Let c be q(1). Suppose 7*b = 2*b + c. What is the tens digit of b?
8
Suppose 7*f - 64*f = -1641612 + 29367. What is the units digit of f?
5
Let r be 63236/26 + 2 + (-14)/91. Suppose 7*i - r = -4*c + 10*i, c - 4*i = 602. What is the tens digit of c?
1
Suppose -y + 5*i = -37, 5*y - i - 124 = 37. Let h be (-1324)/(-10) - (-4)/(-10). Let j = h - y. What is the hundreds digit of j?
1
Let n = 65 + -61. Suppose 965 = r + 5*z, 0 = n*r + r + 2*z - 4917. What is the tens digit of r?
8
Let p(k) be the third derivative of -k**5/60 - 7*k**4/8 - 35*k**3/6 + 13*k**2. Let m be p(-19). Suppose 0 = m*r - 5*r + 122. What is the units digit of r?
1
Let d be 36/15 - 6 - 2/5. Let p be 12/10*135/2. Let b = p + d. What is the units digit of b?
7
Let a = -783 + 7292. What is the hundreds digit of a?
5
Let j = -521 - -2769. What is the tens digit of j?
4
Let l(f) = 10*f**2 + f - 4. Let d(x) = -x**3 + x**2 + 5*x - 3. Let o(y) = -y**2 + 12*y - 18. Let a be o(10). Let p be d(a). What is the units digit of l(p)?
9
Suppose 19*k - 23304 = -5*k. Suppose v - 2*x - k = 0, -2*x = -v + 3*x + 986. What is the hundreds digit of v?
9
Suppose -17*f + 2*m = -18*f + 2863, 0 = 4*f + 3*m - 11432. What is the thousands digit of f?
2
What is the tens digit of (33803 - 53)*(-4)/(-8)?
7
Let m(l) = l + 19. Let h(f) = -2*f**2 - f. Let a be h(-3). Let v be m(a). Suppose v*r = -3*t + 2*r + 511, 171 = t + r. What is the units digit of t?
9
Let n(v) = -2*v - 17. Let z(b) = -b + 1. Let l(k) = n(k) + 2*z(k). Let w(d) = 3*d**3 + 2*d**2 - 2*d. Let j be w(-2). What is the units digit of l(j)?
3
Let h = -16493 + 41641. What is the units digit of h?
8
Suppose -344 = -2*o - 58. What is the hundreds digit of o?
1
Suppose 93*u = 82*u + 220. Suppose 1480 = 22*r - u*r. What is the units digit of r?
0
Suppose -12 = -3*j, 2*y - 5*j - 29 = -45. Suppose 16*s - 20*s + 4*z + 7524 = 0, -5668 = -3*s - y*z. What is the units digit of s?
6
Suppose 4*p + 11 = -i - 1, 2 = -p. Let r(c) = -59*c + 120. What is the units digit of r(i)?
6
Let n(i) = i**3 + 50*i**2 + 39*i - 169. Let m(f) = -f**2 - 2*f + 1. Let p(w) = 4*m(w) + n(w). What is the hundreds digit of p(-45)?
4
Suppose 4*w - 31 = a, 2*a - 5*a - 4*w - 29 = 0. What is the units digit of (-6550)/a*(-18)/(-12)?
5
Let w = -11431 + 7261. What is the tens digit of -4 + (w/(-14) - 5/(-35))?
9
Let x(n) = 195*n - 325. Let p(w) = -49*w + 81. Let j(t) = -15*p(t) - 4*x(t). What is the units digit of j(-6)?
5
Suppose 22*d - 23*d + 4*x + 26 = 0, -2*d + 4*x + 32 = 0. Suppose 0 = d*b - 2474 - 328. What is the hundreds digit of b?
4
Suppose -2*r + 2 = -2*s, 2*s = r - 1 + 4. Suppose 2*y = -4*m + 754, -3*y + 120 = r*m - 823. What is the tens digit of ((-2)/(-4))/((-7)/14) + m?
8
Suppose 96*r - 1549455 = 398673. What is the tens digit of r?
9
Let c(t) = 4*t**3 - t**2 - 8*t + 11. Suppose 91*h - 14 = 84*h. What is the units digit of c(h)?
3
Let j(y) = -163*y**2 - 11*y - 20. Let w be j(-3). What is the hundreds digit of 3*(-9)/27*w?
4
Let b(h) = 8*h**2 + 4*h + 14. Let u be b(-6). Let m be (-4 + 9)/(2/u). Suppose -4*v = -9*v + m. What is the units digit of v?
9
Let o = 169 - 156. Suppose -o*v + 17863 + 740 = 0. What is the hundreds digit of v?
4
Let n(m) = -4 - 12 + 32*m + 2 - 31*m. Let v be n(10). What is the units digit of (-21)/(((-3)/(-8))/(9/v))?
6
Let v(p) = -3*p + 19. Let b be v(13). Let i be 40/(-6)*96/b. Suppose 3*r - 13 = i. What is the units digit of r?
5
Suppose 2*l = -a, -4*a + 2*l = -6 - 14. Let x(d) = 5*d**3 + 5*d**2 - 2*d + 4. What is the hundreds digit of x(a)?
3
Let d = 43747 - 25911. What is the hundreds digit of d?
8
Suppose 3*f = x - 1895, 7*f - 2*f + 5*x + 3125 = 0. Let y = -243 - f. What is the units digit of y?
7
What is the hundreds digit of (46/(-10))/((-80)/20500)*(6 - 2)?
7
Let i(w) = w**3 - w**2 + 4*w - 7. Let q be i(3). Suppose 0 = a - 24 + q. What is the tens digit of a/(-4) + (-2415)/(-28)?
8
Suppose -21*a = -40*a + 291597 + 585. What is the ten thousands digit of a?
1
Let p(w) = -29*w**3 - 3*w**2 + 3*w + 5. Let d be p(-2). Let s = -57 + d. What is the units digit of s?
2
Let a = -2309 + 3896. Suppose z = a - 415. What is the tens digit of z?
7
Let i = 68 + 619. Let j = -513 + i. What is the hundreds digit of j?
1
Suppose -14*t + 8*t = -30. Suppose 6 + 14 = -t*b. What is the units digit of 13 + b + 2 + 1?
2
Let p = -181 + 188. What is the tens digit of (290 - (-1 + -1)) + p?
9
What is the ten thousands digit of 2/(14/(-1824165)*-9)?
2
Let v(w) = -w**2 - 17*w - 5. Let q be v(-18). Let i = q - -17. What is the tens digit of i/(144/(-429) + (-6)/(-33))?
3
Let z(i) = -139*i**3 + i**2 - 5*i + 6. Let m be z(2). What is the units digit of 1/((-4)/m) - -5?
3
Let y = 218 - 217. What is the units digit of (-1 - 3 - y) + (-1314)/(-3)?
3
Let g(z) = -57 + 56*z**2 + 64*z**2 - 114*z**2 - 11*z. What is the tens digit of g(18)?
8
Let w(z) = -z**3 - 16*z**2 - 6*z - 1. Suppose 11*s + s - 204 = 0. Suppose 3*i + s = -31. What is the tens digit of w(i)?
9
Let q be (1/3*5)/(4/12). Suppose 213 = 2*t + 4*n - 641, -4*n + 2135 = q*t. What is the tens digit of t?
2
Suppose 4*z - 8*j + 108 = -3*j, 5*j = 0. Let h be ((-22)/5)/(16/(-400)). Let x = z + h. What is the tens digit of x?
8
Suppose 3*o - 805 = 5*p + 4728, 2*o - 3652 = -4*p. Suppose -4*z + o = -2004. Suppose 2*i - 8*i + z = 0. What is the hundreds digit of i?
1
Let t(b) = -3030*b + 2784. What is the thousands digit of t(-14)?
5
Let q(p) be the second derivative of p**5/10 - p**4/3 + p**3/3 - p**2 - 28*p. What is the units digit of q(4)?
0
Let i = 50415 + -3432. What is the thousands digit of i?
6
Let y be 0/(-11)*2/(3 - 1). Suppose 747 = 3*v + f, y = -f - 0*f. What is the units digit of v?
9
Let o = 32952 + -17981. What is the ten thousands digit of o?
1
Let c(b) = 56*b**2 - 184*b + 2405. What is the thousands digit of c(12)?
8
Let i be (-14716)/12 + (-13)/(-39). Let m = 2965 + i. What is the hundreds digit of m?
7
Let m = -357 - -252. Let u = 221 + m. What is the hundreds digit of u?
1
Let y be (-2 - 40/(-12))*(-1332)/24. Suppose 472 = 4*s - q - 3*q, -3*s - 3*q = -384. Let u = s + y. What is the tens digit of u?
4
Suppose -5*n = 3*l - 25907, 6*n = n + 20. What is the units digit of l?
9
Let w be 1/5 + (-36)/(-20). Suppose w*x = 5*k - 527, -x + 212 = 2*k - 3*x. What is the tens digit of (k + 4)*(0 + 1)?
0
Let i = 51685 - 31694. What is the thousands digit of i?
9
Let z be -7 - 7/(-7) - -11. Suppose -6332 = -5*n + 4*l, z*n + l - 2508 = 3834. What is the hundreds digit of n?
2
Suppose -5625733 - 4773837 = -29*q - 281*q. What is the units digit of q?
7
Let m = 13 - 143. Let s be (-1*(-24)/(-15))/(4/m). Let z = 109 - s. What is the tens digit of z?
5
Let m(j) = 3*j**2 + 18*j - 